hat is -2ad9c66 + 7?
-2ad9c5e
In base 4, what is 200 - 1103012?
-1102212
In base 4, what is -23210132 - 13220233?
-103031031
In base 9, what is 1151422 - 811?
1150511
In base 10, what is -11 + -510477?
-510488
In base 14, what is -171 + 26cd7?
26b66
In base 13, what is a03 - -2496?
3199
In base 13, what is 27 + 481316?
481340
In base 14, what is 0 - 1d440b?
-1d440b
In base 11, what is 261600 - -13?
261613
In base 10, what is 4 - -9675494?
9675498
In base 8, what is -5 + -31233534?
-31233541
In base 16, what is -515a5 + 11?
-51594
In base 15, what is 2799502 - -3?
2799505
In base 10, what is -12046180 - -5?
-12046175
In base 13, what is -5045631 + -2?
-5045633
In base 6, what is 104 - -2335204?
2335312
In base 7, what is -6601626 + 104?
-6601522
In base 4, what is 0 + -10101210130123?
-10101210130123
In base 14, what is 4643193 + 2?
4643195
In base 4, what is 213 - -230231312?
230232131
In base 2, what is -10000000100010101 + 1101011010?
-1111110110111011
In base 16, what is -1 + -14d9a?
-14d9b
In base 12, what is -a8601 - 100?
-a8701
In base 14, what is 6345d - 168?
632d5
In base 9, what is -164 + 2353805?
2353631
In base 5, what is -241001 - -20310?
-220141
In base 14, what is -10d37 + -90b?
-11844
In base 2, what is 10 - 100001100110100111101011?
-100001100110100111101001
In base 12, what is -14353 + 1622?
-12931
In base 11, what is -2 - -1153889?
1153887
In base 12, what is -b373 - 137a?
-10731
In base 7, what is -51261661 + 25?
-51261633
In base 4, what is -3111 - 3202010022?
-3202013133
In base 4, what is -2 - -123201021122?
123201021120
In base 16, what is 5a1d + 19?
5a36
In base 3, what is 10 - 221010122020212?
-221010122020202
In base 6, what is -1224115304 - -1?
-1224115303
In base 2, what is 1101010101100001111000000111 - 0?
1101010101100001111000000111
In base 13, what is 83c4a00 + -c?
83c49c1
In base 3, what is -1002 - -122022000120012?
122022000112010
In base 14, what is -1 + -61bd1b3?
-61bd1b4
In base 10, what is 91 + -2481?
-2390
In base 3, what is 11122211000 + 1221?
11122212221
In base 9, what is -231367 + 86?
-231271
In base 7, what is -13161044105 - -1?
-13161044104
In base 12, what is 256802 + 29?
25682b
In base 13, what is 5011 + 224?
5235
In base 12, what is -8972 - 17984?
-24736
In base 3, what is 202220010122202211 - -11?
202220010122202222
In base 3, what is 20121210220 + -11?
20121210202
In base 6, what is -304425114 + -5?
-304425123
In base 13, what is 43 - 158204?
-158191
In base 11, what is -9a89662 + 0?
-9a89662
In base 8, what is 234353 - 46?
234305
In base 16, what is 342a0 + 18?
342b8
In base 8, what is -72 - -3312415?
3312323
In base 2, what is 11000110000100100 - 10010?
11000110000010010
In base 16, what is -6da89ac + f?
-6da899d
In base 14, what is 1 - -3ca80c74?
3ca80c75
In base 15, what is -8 + 2e6b08?
2e6b00
In base 7, what is -5 - 463545612?
-463545620
In base 3, what is 10 - -20012220202?
20012220212
In base 13, what is -27919 + 2295?
-25654
In base 8, what is -216172 + -122?
-216314
In base 5, what is -341102323 + 12?
-341102311
In base 8, what is -174414401 - 3?
-174414404
In base 2, what is 1000111110110110010100001010 + -1000?
1000111110110110010100000010
In base 15, what is -309 - -4baae?
4b7a5
In base 14, what is 18a7 - 13c2?
4c5
In base 11, what is -5 - -1760167?
1760162
In base 6, what is 33 - -2144544251?
2144544324
In base 8, what is -1075 - 102624?
-103721
In base 10, what is 1518260752 - 2?
1518260750
In base 10, what is 2 + -2401113?
-2401111
In base 2, what is -1000011011011110101001001 + 1?
-1000011011011110101001000
In base 12, what is -4 - 504582b?
-5045833
In base 4, what is 10302030 + 1122331?
12031021
In base 7, what is 10 - -1565120313?
1565120323
In base 3, what is -2 - -102012210221?
102012210212
In base 12, what is -88191 + a51?
-87340
In base 5, what is -1134120031433 + 4?
-1134120031424
In base 3, what is -121002122122 - -22011?
-121002100111
In base 2, what is -11010101011110000 + -10001001000?
-11010111100111000
In base 16, what is -f9530 + -b8?
-f95e8
In base 11, what is 0 + 786a698?
786a698
In base 5, what is 100341142 + -43?
100341044
In base 8, what is 102526 + 4547?
107275
In base 16, what is -7 + -52af261?
-52af268
In base 3, what is 10 + -10001212001222222?
-10001212001222212
In base 13, what is a812c4 + 4?
a812c8
In base 14, what is -163b3d3 - -4?
-163b3cd
In base 16, what is 20f223 + 10?
20f233
In base 2, what is 100010000100000100 + -1001010?
100010000010111010
In base 10, what is 15527 + -2949?
12578
In base 7, what is -1303524 + 52?
-1303442
In base 3, what is 1001000000111122 - -111?
1001000000112010
In base 13, what is -12a + -8928?
-8a55
In base 9, what is 1150765572 - -3?
1150765575
In base 10, what is -44689723 - 14?
-44689737
In base 12, what is 11441 + 78b?
12010
In base 15, what is 9aa1 + 28c?
9d3d
In base 6, what is -354255 - -33441?
-320414
In base 9, what is 4 - -2632763?
2632767
In base 10, what is 39259 - 821?
38438
In base 12, what is -24 - -2781?
2759
In base 9, what is 41713 + -247?
41455
In base 2, what is -10 - -110110011100111100011?
110110011100111100001
In base 9, what is -6 + 6687581?
6687574
In base 13, what is -15 - -b9b553?
b9b53b
In base 9, what is -130 + -277380?
-277520
In base 9, what is 0 + -18537011?
-18537011
In base 9, what is -47 + -1358203?
-1358251
In base 6, what is 45041102322 - -5?
45041102331
In base 16, what is -24 + 18fdd?
18fb9
In base 7, what is -3 - 615033041?
-615033044
In base 4, what is -3003112311 - 312?
-3003113223
In base 2, what is -11011101100000011 - 100011111011?
-11100001111111110
In base 10, what is -4272935 - 117?
-4273052
In base 10, what is -21655 - -937?
-20718
In base 10, what is 243653 - 20?
243633
In base 15, what is 45 - 422a?
-41d5
In base 7, what is -2526266 - -135?
-2526131
In base 16, what is 121578 + -13?
121565
In base 9, what is 101 - 5370465?
-5370364
In base 7, what is 131344 - -563?
132240
In base 8, what is -354020 + -26?
-354046
In base 16, what is 1e - 72d29?
-72d0b
In base 12, what is a2a906 + 5?
a2a90b
In base 13, what is -9 - -25111a5?
2511199
In base 6, what is 10154203 - 320?
10153443
In base 7, what is 61403015 + 33?
61403051
In base 12, what is 173043a - 5?
1730435
In base 2, what is -1101011110100101110100101 + 11011?
-1101011110100101110001010
In base 4, what is 3111321222032 + 1?
3111321222033
In base 4, what is -21 + 101130133103?
101130133022
In base 5, what is -132412041441 - -10?
-132412041431
In base 7, what is 4464460 - -464?
4465254
In base 5, what is -100102130 + -13332?
-100121012
In base 14, what is -2 + 12da55?
12da53
In base 4, what is 122303210002 - -2?
122303210010
In base 11, what is -2 + 3198009?
3198007
In base 16, what is -1c + -ccc45?
-ccc61
In base 7, what is 12360104 + 1441?
12361545
In base 2, what is 11 - 1111010101111000111000011?
-1111010101111000111000000
In base 8, what is -340773227 + -1?
-340773230
In base 10, what is 1061907 - -30?
1061937
In base 13, what is 2863 - -898?
342b
In base 4, what is 101101222 - 332320?
100102302
In base 10, what is 27 + 455400?
455427
In base 11, what is 1237 - 130217?
-129a90
In base 3, what is 0 + -20021202120120?
-20021202120120
In base 13, what is 46234 - -65c?
46893
In base 16, what is a191 - 2cf4?
749d
In base 3, what is -10201202212102022 + 20?
-10201202212102002
In base 16, what is -353f6 - 442?
-35838
In base 13, what is -1b + -95160?
-9517b
In base 9, what is -386402776 + 5?
-386402771
In base 8, what is 4666 - -320571?
325457
In base 15, what is -37e8 - 6885?
-a17d
In base 7, what is -115 + -52052?
-52200
In base 10, what is -131260 - -5?
-131255
In base 3, what is 11121 + 122222210222?
122222222120
In base 3, what is 21021122 - -220021?
22011220
In base 9, what is 5460 + 2414?
7874
In base 14, what is -78b + 591c?
5171
In base 9, what is 0 - -451725?
451725
In base 6, what is -131323 + -33443?
-205210
In base 10, what is -816 - 52383?
-53199
In base 3, what is -1220221012101 + -1?
-1220221012102
In base 9, what is 13 - -11644572?
11644585
In base 5, what is 1 + 12414423?
12414424
In base 11, what is -18 + -317a02?
-317a1a
In base 14, what is 2186c0 + 3?
2186c3
In base 15, what is 756637 - -5?
75663c
In base 11, what is 51049a - -13?
510502
In base 10, what is -1 - -31962266?
31962265
In base 9, what is